 number?
True
Is 7151 a prime number?
True
Is 442369 a prime number?
False
Is 12169 a composite number?
True
Is 383821 composite?
False
Is 8147 prime?
True
Is 377 a prime number?
False
Is 2841373 composite?
False
Is 32245 a composite number?
True
Is 37951 a prime number?
True
Is 179393 composite?
False
Is 617429 a composite number?
False
Is 8297 composite?
False
Is 97771 prime?
True
Is 21869 composite?
True
Is 33401 prime?
False
Is 9935 prime?
False
Is 352777 prime?
False
Is 557 a composite number?
False
Is 1423 prime?
True
Is 428293 prime?
False
Is 11113 a composite number?
False
Is 631 a prime number?
True
Is 184051 a composite number?
True
Is 46021 prime?
True
Is 6947 a composite number?
False
Is 127 composite?
False
Is 134 prime?
False
Is 7149 prime?
False
Is 713299 prime?
False
Is 6599 a prime number?
True
Is 1370537 a prime number?
False
Is 215753 a prime number?
True
Is 278977 a prime number?
False
Is 130769 composite?
False
Is 2226017 a prime number?
False
Is 1443743 a composite number?
True
Is 691009 prime?
False
Is 118399 prime?
True
Is 27143 composite?
False
Is 703837 a composite number?
False
Is 241555 prime?
False
Is 960997 a composite number?
True
Is 254899 a composite number?
False
Is 750611 a composite number?
True
Is 11233 composite?
True
Is 523385 a composite number?
True
Is 42533 a prime number?
True
Is 184369 a composite number?
False
Is 109759 prime?
False
Is 25001 composite?
True
Is 69371 a composite number?
False
Is 14513 prime?
False
Is 1101877 a prime number?
False
Is 24557 a prime number?
False
Is 28421 a prime number?
False
Is 83459 a prime number?
True
Is 2386 prime?
False
Is 28133 prime?
False
Is 82661 a composite number?
True
Is 22863 composite?
True
Is 623 a prime number?
False
Is 119167 composite?
True
Is 8781 a prime number?
False
Is 223423 composite?
False
Is 106139 a composite number?
True
Is 2371 prime?
True
Is 4049 a composite number?
False
Is 127 a composite number?
False
Is 27689 a prime number?
True
Is 51971 composite?
False
Is 1861 prime?
True
Is 917413 composite?
True
Is 4789 composite?
False
Is 186217 a composite number?
True
Is 375967 composite?
False
Is 359701 composite?
False
Is 3863 prime?
True
Is 63577 composite?
False
Is 68323 a prime number?
False
Is 329089 a prime number?
True
Is 2773 prime?
False
Is 18383 prime?
False
Is 10347 a composite number?
True
Is 9451 a prime number?
False
Is 139027 composite?
True
Is 7039 prime?
True
Is 20671 prime?
False
Is 73673 composite?
False
Is 1397 a composite number?
True
Is 132263 composite?
False
Is 25819 prime?
True
Is 3991 a prime number?
False
Is 133519 a composite number?
False
Is 235003 a composite number?
False
Is 8977 composite?
True
Is 5839283 prime?
True
Is 728369 prime?
True
Is 885607 prime?
True
Is 3519955 prime?
False
Is 2463 a prime number?
False
Is 9173 prime?
True
Is 62119 a prime number?
True
Is 172507 a prime number?
True
Is 3903071 a composite number?
False
Is 5543 composite?
True
Is 116507 a prime number?
True
Is 35921 a composite number?
True
Is 42947 composite?
True
Is 6191 composite?
True
Is 326 a prime number?
False
Is 9505 composite?
True
Is 23263 a composite number?
True
Is 17729 a prime number?
True
Is 196567 prime?
False
Is 166541 prime?
True
Is 7217 a composite number?
True
Is 67627 composite?
True
Is 14341 prime?
True
Is 1881073 a composite number?
True
Is 3271 prime?
True
Is 14683 a composite number?
False
Is 1941 a prime number?
False
Is 15413 a prime number?
True
Is 3011 a prime number?
True
Is 68339 composite?
True
Is 115657 prime?
True
Is 114271 prime?
False
Is 154571 composite?
False
Is 77417 composite?
False
Is 7769 prime?
False
Is 124197 a composite number?
True
Is 44417 prime?
True
Is 537227 a prime number?
False
Is 2241691 prime?
True
Is 471749 prime?
True
Is 39383 a composite number?
False
Is 70697 a prime number?
False
Is 9799 a prime number?
False
Is 534001 prime?
False
Is 38669 prime?
True
Is 793889 a prime number?
True
Is 88733 a prime number?
False
Is 5381 a composite number?
False
Is 3256907 prime?
False
Is 57463 a composite number?
True
Is 12479 composite?
False
Is 74797 a prime number?
True
Is 17519 prime?
True
Is 25618 a composite number?
True
Is 31241 a composite number?
True
Is 275147 prime?
True
Is 459883 prime?
True
Is 73121 composite?
False
Is 48803 a composite number?
True
Is 1835 a prime number?
False
Is 1220578 a prime number?
False
Is 1217 a composite number?
False
Is 7711 composite?
True
Is 177379 a composite number?
False
Is 334939 prime?
False
Is 657281 composite?
False
Is 166799 a composite number?
False
Is 147419 a prime number?
True
Is 9631 composite?
False
Is 339637 composite?
False
Is 18251 prime?
True
Is 7382 prime?
False
Is 101059 a composite number?
True
Is 139987 a prime number?
True
Is 160601 prime?
False
Is 101051 prime?
True
Is 3215 composite?
True
Is 371 prime?
False
Is 150061 a prime number?
True
Is 11695 a composite number?
True
Is 14743 a composite number?
True
Is 860491 a prime number?
False
Is 84421 a prime number?
True
Is 482263 composite?
False
Is 444677 a composite number?
False
Is 19489 prime?
True
Is 106394 a composite number?
True
Is 152429 composite?
False
Is 12981 a prime number?
False
Is 186433 composite?
True
Is 66009 composite?
True
Is 539039 a prime number?
True
Is 149047 a composite number?
True
Is 1499 a composite number?
False
Is 387271 a composite number?
True
Is 613031 a composite number?
True
Is 684499 a prime number?
False
Is 3791 composite?
True
Is 3457 a composite number?
False
Is 5513 composite?
True
Is 709 a prime number?
True
Is 34031 a prime number?
True
Is 39745 composite?
True
Is 11019 a prime number?
False
Is 53945 prime?
False
Is 18499 a prime number?
False
Is 307511 composite?
False
Is 331 composite?
False
Is 5113 prime?
True
Is 2733667 prime?
False
Is 466801 a composite number?
False
Is 1018091 composite?
False
Is 64271 composite?
False
Is 36291 composite?
True
Is 1517 prime?
False
Is 545899 a composite number?
False
Is 217 prime?
False
Is 215153 prime?
True
Is 49237 a prime number?
False
Is 22817 a composite number?
False
Is 10417 a composite number?
True
Is 86321 prime?
False
Is 10567 prime?
True
Is 8803 a composite number?
False
Is 85441 composite?
True
Is 216257 a prime number?
False
Is 146417 a composite number?
False
Is 167395 a prime number?
False
Is 126781 a prime number?
True
Is 12511 prime?
True
Is 11423 composite?
False
Is 585367 composite?
False
Is 1154 prime?
False
Is 1009753 a prime number?
False
Is 1755257 prime?
False
Is 8035 a prime number?
False
Is 413353 a composite number?
False
Is 4721 a composite number?
False
Is 5469 a prime number?
False
Is 736607 a prime number?
True
Is 170203 a prime number?
False
Is 12449 a prime number?
False
Is 1986511 prime?
False
Is 706 a composite number?
True
Is 125981 composite?
True
Is 23497 prime?
True
Is 10391 a prime number?
True
Is 25319 a prime number?
False
Is 6547 composite?
False
Is 296779 a composite number?
True
Is 3763 a prime number?
False
Is 636527 composite?
True
Is 4529 prime?
False
Is 82741 a composite number?
True
Is 252923 a prime number?
False
Is 404051 prime?
True
Is 451871 prime?
False
Is 326431 composite?
True
Is 75821 prime?
True
Is 5039 a prime number?
True
Is 92527 a composite number?
True
Is 8287 a prime number?
True
Is 83311 composite?
False
Is 144949 a composite number?
True
Is 11359 a composite number?
True
Is 27647 prime?
True
Is 19741 composite?
True
Is 813343 composite?
False
Is 50989 prime?
True
Is 30547 prime?
False
Is 16871 a composite number?
False
Is 9223 a composite number?
True
Is 77153 prime?
True
Is 139067 a composite number?
False
Is 2333 a prime number?
True
Is 526717 a composite number?
False
Is 30985 composite?
True
Is 2787 composite?
True
Is 15661 a prime number?
True
Is 8354 a composite number?
True
Is 236981 composite?
False
Is 13121 a composite number?
False
Is 2603351 a prime number?
False
Is 42893 composite?
True
Is 151681 composite?
False
Is 425647 a composite number?
True
Is 18499 prime?
False
Is 68729 a composite number?
False
Is 2953 prime?
True
Is 29167 a composite number?
False
Is 14029 a prime number?
True
Is 25073 prime?
True
Is 37 composite?
False
Is 1088305 composite?
True
Is 86155 prime?
False
Is 161071 composite?
False
Is 11611 a p